50683 is divided by 667?
658
What is the remainder when 32590 is divided by 159?
154
Calculate the remainder when 2497 is divided by 180.
157
What is the remainder when 5752 is divided by 61?
18
Calculate the remainder when 319 is divided by 224.
95
Calculate the remainder when 124134 is divided by 31033.
2
What is the remainder when 2061 is divided by 74?
63
Calculate the remainder when 5678 is divided by 121.
112
Calculate the remainder when 45847 is divided by 81.
1
What is the remainder when 86273 is divided by 9?
8
Calculate the remainder when 384776 is divided by 66.
62
What is the remainder when 5402 is divided by 299?
20
Calculate the remainder when 20608 is divided by 1869.
49
Calculate the remainder when 100424 is divided by 27.
11
What is the remainder when 572 is divided by 466?
106
What is the remainder when 8898 is divided by 84?
78
Calculate the remainder when 169 is divided by 50.
19
Calculate the remainder when 1936995 is divided by 1192.
1187
What is the remainder when 26641 is divided by 73?
69
Calculate the remainder when 637597 is divided by 50.
47
Calculate the remainder when 816 is divided by 194.
40
What is the remainder when 15149 is divided by 125?
24
What is the remainder when 17230 is divided by 996?
298
What is the remainder when 758 is divided by 249?
11
Calculate the remainder when 8588 is divided by 4091.
406
What is the remainder when 48982 is divided by 13?
11
Calculate the remainder when 1030874 is divided by 11.
9
What is the remainder when 1610627 is divided by 603?
14
Calculate the remainder when 389262 is divided by 6.
0
Calculate the remainder when 1118 is divided by 227.
210
What is the remainder when 14156 is divided by 9?
8
What is the remainder when 20381 is divided by 3353?
263
Calculate the remainder when 16721 is divided by 409.
361
What is the remainder when 416277 is divided by 138?
69
Calculate the remainder when 15788 is divided by 188.
184
Calculate the remainder when 27208 is divided by 27171.
37
What is the remainder when 7268 is divided by 260?
248
Calculate the remainder when 23089 is divided by 1442.
17
Calculate the remainder when 50963 is divided by 1133.
1111
Calculate the remainder when 4662 is divided by 4061.
601
What is the remainder when 21576 is divided by 322?
2
What is the remainder when 652 is divided by 110?
102
What is the remainder when 1104 is divided by 384?
336
Calculate the remainder when 5834 is divided by 138.
38
What is the remainder when 15271 is divided by 19?
14
What is the remainder when 24872 is divided by 75?
47
Calculate the remainder when 46233 is divided by 260.
213
Calculate the remainder when 62892 is divided by 1164.
36
Calculate the remainder when 35796 is divided by 7.
5
Calculate the remainder when 172111 is divided by 1978.
25
Calculate the remainder when 2961 is divided by 753.
702
Calculate the remainder when 23515 is divided by 659.
450
Calculate the remainder when 822 is divided by 360.
102
What is the remainder when 2881 is divided by 884?
229
What is the remainder when 34680 is divided by 263?
227
Calculate the remainder when 348505 is divided by 302.
299
What is the remainder when 2408 is divided by 338?
42
Calculate the remainder when 907 is divided by 368.
171
Calculate the remainder when 6420 is divided by 378.
372
Calculate the remainder when 84041 is divided by 406.
405
Calculate the remainder when 886157 is divided by 80.
77
What is the remainder when 250 is divided by 109?
32
What is the remainder when 8565 is divided by 94?
11
Calculate the remainder when 1377 is divided by 10.
7
Calculate the remainder when 1294 is divided by 276.
190
What is the remainder when 957 is divided by 97?
84
Calculate the remainder when 210306 is divided by 26286.
18
What is the remainder when 2294 is divided by 1?
0
Calculate the remainder when 1115489 is divided by 15.
14
What is the remainder when 1663 is divided by 804?
55
What is the remainder when 145799 is divided by 72890?
19
Calculate the remainder when 36901 is divided by 130.
111
Calculate the remainder when 97096 is divided by 1471.
10
What is the remainder when 174 is divided by 25?
24
What is the remainder when 86299 is divided by 421?
415
What is the remainder when 17281 is divided by 52?
17
Calculate the remainder when 980 is divided by 546.
434
What is the remainder when 2602 is divided by 1270?
62
Calculate the remainder when 3040 is divided by 92.
4
Calculate the remainder when 20815 is divided by 6890.
145
What is the remainder when 8671 is divided by 26?
13
Calculate the remainder when 1796637 is divided by 16.
13
What is the remainder when 36112 is divided by 188?
16
What is the remainder when 96889 is divided by 3722?
117
Calculate the remainder when 837 is divided by 105.
102
What is the remainder when 41166 is divided by 58?
44
What is the remainder when 500897 is divided by 15653?
1
What is the remainder when 672572 is divided by 134513?
7
Calculate the remainder when 8000 is divided by 303.
122
Calculate the remainder when 2978 is divided by 311.
179
Calculate the remainder when 138872 is divided by 180.
92
What is the remainder when 808 is divided by 201?
4
What is the remainder when 35753 is divided by 284?
253
Calculate the remainder when 2086953 is divided by 65.
63
What is the remainder when 434876 is divided by 431?
428
Calculate the remainder when 35512 is divided by 1470.
232
What is the remainder when 108961 is divided by 78?
73
Calculate the remainder when 323075 is divided by 11964.
47
What is the remainder when 36126 is divided by 420?
6
Calculate the remainder when 24674 is divided by 168.
146
Calculate the remainder when 7978 is divided by 349.
300
Calculate the remainder when 1678871 is divided by 605.
601
What is the remainder when 14780 is divided by 4919?
23
What is the remainder when 160191 is divided by 41?
4
Calculate the remainder when 156992 is divided by 196.
192
Calculate the remainder when 995407 is divided by 95.
92
Calculate the remainder when 716401 is divided by 10.
1
Calculate the remainder when 603796 is divided by 627.
622
Calculate the remainder when 7403 is divided by 3688.
27
What is the remainder when 13678 is divided by 232?
222
Calculate the remainder when 964 is divided by 140.
124
What is the remainder when 19583 is divided by 3905?
58
What is the remainder when 1219815 is divided by 61?
59
Calculate the remainder when 2314 is divided by 616.
466
What is the remainder when 2370520 is divided by 15?
10
What is the remainder when 95095 is divided by 13582?
21
Calculate the remainder when 11551 is divided by 3828.
67
Calculate the remainder when 13688 is divided by 853.
40
What is the remainder when 2183 is divided by 98?
27
Calculate the remainder when 3714 is divided by 18.
6
Calculate the remainder when 1466 is divided by 21.
17
Calculate the remainder when 965 is divided by 953.
12
What is the remainder when 37796 is divided by 282?
8
What is the remainder when 19406 is divided by 6461?
23
Calculate the remainder when 302042 is divided by 197.
41
Calculate the remainder when 81057 is divided by 183.
171
Calculate the remainder when 707 is divided by 471.
236
Calculate the remainder when 4587 is divided by 105.
72
Calculate the remainder when 5332 is divided by 2664.
4
What is the remainder when 248 is divided by 242?
6
What is the remainder when 3646 is divided by 7?
6
What is the remainder when 759960 is divided by 29229?
6
Calculate the remainder when 407077 is divided by 921.
916
What is the remainder when 19616 is divided by 172?
8
What is the remainder when 12461 is divided by 62?
61
What is the remainder when 5088 is divided by 212?
0
Calculate the remainder when 2817 is divided by 69.
57
What is the remainder when 2179 is divided by 936?
307
What is the remainder when 43372 is divided by 90?
82
Calculate the remainder when 14432 is divided by 391.
356
What is the remainder when 369961 is divided by 28?
25
Calculate the remainder when 1852 is divided by 34.
16
What is the remainder when 4561 is divided by 169?
167
Calculate the remainder when 7811 is divided by 186.
185
Calculate the remainder when 38660 is divided by 3508.
72
Calculate the remainder when 3178 is divided by 305.
128
Calculate the remainder when 1654 is divided b